{"version":"1.0","provider_name":"Reco B\u00fcrom\u00f6bel","provider_url":"https:\/\/reco-bueromoebel.de\/nl\/","title":"K\u00d6HL Sitzm\u00f6bel - Reco B\u00fcrom\u00f6bel","type":"rich","width":600,"height":338,"html":"<blockquote class=\"wp-embedded-content\" data-secret=\"I9uSDDam0H\"><a href=\"https:\/\/reco-bueromoebel.de\/nl\/fabrikanten\/koehl-sitzmoebel\/\"><span class=\"caps\">K\u00d6HL<\/span> Sitzm\u00f6bel<\/a><\/blockquote><iframe sandbox=\"allow-scripts\" security=\"restricted\" src=\"https:\/\/reco-bueromoebel.de\/nl\/fabrikanten\/koehl-sitzmoebel\/embed\/#?secret=I9uSDDam0H\" width=\"600\" height=\"338\" title=\"&#8220;&lt;span class=&quot;caps&quot;&gt;K\u00d6HL&lt;\/span&gt; Sitzm\u00f6bel&#8221; &#8212; Reco B\u00fcrom\u00f6bel\" data-secret=\"I9uSDDam0H\" frameborder=\"0\" marginwidth=\"0\" marginheight=\"0\" scrolling=\"no\" class=\"wp-embedded-content\"><\/iframe><script type=\"text\/javascript\">\n\/* <![CDATA[ *\/\n\/*! This file is auto-generated *\/\n!function(d,l){\"use strict\";l.querySelector&&d.addEventListener&&\"undefined\"!=typeof URL&&(d.wp=d.wp||{},d.wp.receiveEmbedMessage||(d.wp.receiveEmbedMessage=function(e){var t=e.data;if((t||t.secret||t.message||t.value)&&!\/[^a-zA-Z0-9]\/.test(t.secret)){for(var s,r,n,a=l.querySelectorAll('iframe[data-secret=\"'+t.secret+'\"]'),o=l.querySelectorAll('blockquote[data-secret=\"'+t.secret+'\"]'),c=new RegExp(\"^https?:$\",\"i\"),i=0;i<o.length;i++)o[i].style.display=\"none\";for(i=0;i<a.length;i++)s=a[i],e.source===s.contentWindow&&(s.removeAttribute(\"style\"),\"height\"===t.message?(1e3<(r=parseInt(t.value,10))?r=1e3:~~r<200&&(r=200),s.height=r):\"link\"===t.message&&(r=new URL(s.getAttribute(\"src\")),n=new URL(t.value),c.test(n.protocol))&&n.host===r.host&&l.activeElement===s&&(d.top.location.href=t.value))}},d.addEventListener(\"message\",d.wp.receiveEmbedMessage,!1),l.addEventListener(\"DOMContentLoaded\",function(){for(var e,t,s=l.querySelectorAll(\"iframe.wp-embedded-content\"),r=0;r<s.length;r++)(t=(e=s[r]).getAttribute(\"data-secret\"))||(t=Math.random().toString(36).substring(2,12),e.src+=\"#?secret=\"+t,e.setAttribute(\"data-secret\",t)),e.contentWindow.postMessage({message:\"ready\",secret:t},\"*\")},!1)))}(window,document);\n\/\/# sourceURL=https:\/\/reco-bueromoebel.de\/wp-includes\/js\/wp-embed.min.js\n\/* ]]> *\/\n<\/script>\n","description":"[vc_row row_type=\u201crow\u201d use_row_as_full_screen_section=\u201cyes\u201d type=\u201cfull_width\u201d text_align=\u201cleft\u201d padding_bottom=\u201c60\u201d css_animation=\u201d\u201d box_shadow_on_row=\u201cno\u201d][vc_column][vc_column_text] Reco B\u00fcrom\u00f6bel en K\u00d6HL werken sinds 1987 samen. K\u00d6HL ontwikkelt, produceert en verkoopt ergonomische zitmeubelen van hoge kwaliteit \u2013 en doet dit als sinds 1976. Sinds het begin staan onze duurzame productkwaliteit, de motivatie en de gezondheid...","thumbnail_url":"https:\/\/duitse-kantoormeubelen.nl\/wp-content\/uploads\/2016\/04\/koehl_logo_2011.jpg"}

Reco Büromöbel

KÖHL Sitzmöbel - Reco Büromöbel

<blockquote class="wp-embedded-content" data-secret="I9uSDDam0H"><a href="https://reco-bueromoebel.de/nl/fabrikanten/koehl-sitzmoebel/"><span class="caps">KÖHL</span> Sitzmöbel</a></blockquote><iframe sandbox="allow-scripts" security="restricted" src="https://reco-bueromoebel.de/nl/fabrikanten/koehl-sitzmoebel/embed/#?secret=I9uSDDam0H" width="600" height="338" title="&#8220;&lt;span class=&quot;caps&quot;&gt;KÖHL&lt;/span&gt; Sitzmöbel&#8221; &#8212; Reco Büromöbel" data-secret="I9uSDDam0H" frameborder="0" marginwidth="0" marginheight="0" scrolling="no" class="wp-embedded-content"></iframe><script type="text/javascript">
/* <![CDATA[ */
/*! This file is auto-generated */
!function(d,l){"use strict";l.querySelector&&d.addEventListener&&"undefined"!=typeof URL&&(d.wp=d.wp||{},d.wp.receiveEmbedMessage||(d.wp.receiveEmbedMessage=function(e){var t=e.data;if((t||t.secret||t.message||t.value)&&!/[^a-zA-Z0-9]/.test(t.secret)){for(var s,r,n,a=l.querySelectorAll('iframe[data-secret="'+t.secret+'"]'),o=l.querySelectorAll('blockquote[data-secret="'+t.secret+'"]'),c=new RegExp("^https?:$","i"),i=0;i<o.length;i++)o[i].style.display="none";for(i=0;i<a.length;i++)s=a[i],e.source===s.contentWindow&&(s.removeAttribute("style"),"height"===t.message?(1e3<(r=parseInt(t.value,10))?r=1e3:~~r<200&&(r=200),s.height=r):"link"===t.message&&(r=new URL(s.getAttribute("src")),n=new URL(t.value),c.test(n.protocol))&&n.host===r.host&&l.activeElement===s&&(d.top.location.href=t.value))}},d.addEventListener("message",d.wp.receiveEmbedMessage,!1),l.addEventListener("DOMContentLoaded",function(){for(var e,t,s=l.querySelectorAll("iframe.wp-embedded-content"),r=0;r<s.length;r++)(t=(e=s[r]).getAttribute("data-secret"))||(t=Math.random().toString(36).substring(2,12),e.src+="#?secret="+t,e.setAttribute("data-secret",t)),e.contentWindow.postMessage({message:"ready",secret:t},"*")},!1)))}(window,document);
//# sourceURL=https://reco-bueromoebel.de/wp-includes/js/wp-embed.min.js
/* ]]> */
</script>

[vc_row row_type=“row” use_row_as_full_screen_section=“yes” type=“full_width” text_align=“left” padding_bottom=“60” css_animation=”” box_shadow_on_row=“no”][vc_column][vc_column_text] Reco Büromöbel en KÖHL werken sinds 1987 samen. KÖHL ontwikkelt, produceert en verkoopt ergonomische zitmeubelen van hoge kwaliteit – en doet dit als sinds 1976. Sinds het begin staan onze duurzame productkwaliteit, de motivatie en de gezondheid...
